{"id":29,"date":"2021-09-30T01:43:24","date_gmt":"2021-09-29T22:43:24","guid":{"rendered":"https:\/\/yildizsoyyapi.com\/?page_id=29"},"modified":"2021-10-26T18:13:05","modified_gmt":"2021-10-26T15:13:05","slug":"iletisim","status":"publish","type":"page","link":"https:\/\/yildizsoyyapi.com\/index.php\/iletisim\/","title":{"rendered":"\u0130LET\u0130\u015e\u0130M"},"content":{"rendered":"<div class=\"fusion-fullwidth fullwidth-box fusion-builder-row-1 fusion-flex-container nonhundred-percent-fullwidth non-hundred-percent-height-scrolling\" style=\"background-color: rgba(255,255,255,0);background-position: center center;background-repeat: no-repeat;border-width: 0px 0px 0px 0px;border-color:#e2e2e2;border-style:solid;\" ><div class=\"fusion-builder-row fusion-row fusion-flex-align-items-flex-start\" style=\"max-width:1248px;margin-left: calc(-4% \/ 2 );margin-right: calc(-4% \/ 2 );\"><div class=\"fusion-layout-column fusion_builder_column fusion-builder-column-0 fusion_builder_column_1_1 1_1 fusion-flex-column\"><div class=\"fusion-column-wrapper fusion-flex-justify-content-flex-start fusion-content-layout-column\" style=\"background-position:left top;background-repeat:no-repeat;-webkit-background-size:cover;-moz-background-size:cover;-o-background-size:cover;background-size:cover;padding: 0px 0px 0px 0px;\"><div style=\"text-align:center;\"><span class=\" fusion-imageframe imageframe-none imageframe-1 hover-type-none fusion-animated\" data-animationType=\"flipinx\" data-animationDuration=\"0.8\" data-animationOffset=\"top-into-view\"><img decoding=\"async\" width=\"200\" height=\"198\" title=\"\u00c7al\u0131\u015fma Y\u00fczeyi 74@3x\" src=\"https:\/\/yildizsoyyapi.com\/wp-content\/uploads\/2021\/09\/Calisma-Yuzeyi-74@3x-200x198.png\" class=\"img-responsive wp-image-197\" srcset=\"https:\/\/yildizsoyyapi.com\/wp-content\/uploads\/2021\/09\/Calisma-Yuzeyi-74@3x-200x198.png 200w, https:\/\/yildizsoyyapi.com\/wp-content\/uploads\/2021\/09\/Calisma-Yuzeyi-74@3x-400x395.png 400w, https:\/\/yildizsoyyapi.com\/wp-content\/uploads\/2021\/09\/Calisma-Yuzeyi-74@3x-600x593.png 600w, https:\/\/yildizsoyyapi.com\/wp-content\/uploads\/2021\/09\/Calisma-Yuzeyi-74@3x-800x791.png 800w, https:\/\/yildizsoyyapi.com\/wp-content\/uploads\/2021\/09\/Calisma-Yuzeyi-74@3x.png 863w\" sizes=\"(max-width: 640px) 100vw, 200px\" \/><\/span><\/div><div class=\"fusion-text fusion-text-1\" style=\"margin-top:20px;\"><p style=\"text-align: center;\"><strong>YILDIZSOY YAPI \u0130N\u015eAAT<\/strong><\/p>\n<p style=\"text-align: center;\">Limonluk Mah. \u0130smet \u0130n\u00f6n\u00fc Blv. Menhatin Tower Sit. 6 No: Ba\u011f. B\u00f6l. \u0130stikbal Apt.<\/p>\n<p style=\"text-align: center;\">No: 314 F Yeni\u015fehir \/Mersin<\/p>\n<p style=\"text-align: center;\"><strong>Tel: 0552 984 44 44<\/strong><\/p>\n<p style=\"text-align: center;\"><strong>Tel: 0532 648 70 38<\/strong><\/p>\n<\/div><\/div><style type=\"text\/css\">.fusion-body .fusion-builder-column-0{width:100% !important;margin-top : 0px;margin-bottom : 20px;}.fusion-builder-column-0 > .fusion-column-wrapper {padding-top : 0px !important;padding-right : 0px !important;margin-right : 1.92%;padding-bottom : 0px !important;padding-left : 0px !important;margin-left : 1.92%;}@media only screen and (max-width:1024px) {.fusion-body .fusion-builder-column-0{width:100% !important;order : 0;}.fusion-builder-column-0 > .fusion-column-wrapper {margin-right : 1.92%;margin-left : 1.92%;}}@media only screen and (max-width:640px) {.fusion-body .fusion-builder-column-0{width:100% !important;order : 0;}.fusion-builder-column-0 > .fusion-column-wrapper {margin-right : 1.92%;margin-left : 1.92%;}}<\/style><\/div><\/div><style type=\"text\/css\">.fusion-body .fusion-flex-container.fusion-builder-row-1{ padding-top : 0px;margin-top : 0px;padding-right : 0px;padding-bottom : 0px;margin-bottom : 0px;padding-left : 0px;}<\/style><\/div>\n","protected":false},"excerpt":{"rendered":"","protected":false},"author":1,"featured_media":0,"parent":0,"menu_order":0,"comment_status":"closed","ping_status":"closed","template":"","meta":{"footnotes":""},"class_list":["post-29","page","type-page","status-publish","hentry"],"_links":{"self":[{"href":"https:\/\/yildizsoyyapi.com\/index.php\/wp-json\/wp\/v2\/pages\/29","targetHints":{"allow":["GET"]}}],"collection":[{"href":"https:\/\/yildizsoyyapi.com\/index.php\/wp-json\/wp\/v2\/pages"}],"about":[{"href":"https:\/\/yildizsoyyapi.com\/index.php\/wp-json\/wp\/v2\/types\/page"}],"author":[{"embeddable":true,"href":"https:\/\/yildizsoyyapi.com\/index.php\/wp-json\/wp\/v2\/users\/1"}],"replies":[{"embeddable":true,"href":"https:\/\/yildizsoyyapi.com\/index.php\/wp-json\/wp\/v2\/comments?post=29"}],"version-history":[{"count":8,"href":"https:\/\/yildizsoyyapi.com\/index.php\/wp-json\/wp\/v2\/pages\/29\/revisions"}],"predecessor-version":[{"id":447,"href":"https:\/\/yildizsoyyapi.com\/index.php\/wp-json\/wp\/v2\/pages\/29\/revisions\/447"}],"wp:attachment":[{"href":"https:\/\/yildizsoyyapi.com\/index.php\/wp-json\/wp\/v2\/media?parent=29"}],"curies":[{"name":"wp","href":"https:\/\/api.w.org\/{rel}","templated":true}]}}